 20307?
0
What is the tens digit of 29917?
1
What is the thousands digit of 20329?
0
What is the tens digit of 819?
1
What is the tens digit of 4148?
4
What is the tens digit of 546?
4
What is the tens digit of 1909?
0
What is the hundreds digit of 12401?
4
What is the tens digit of 822?
2
What is the thousands digit of 8763?
8
What is the tens digit of 438?
3
What is the tens digit of 2167?
6
What is the hundreds digit of 2498?
4
What is the hundreds digit of 4676?
6
What is the ten thousands digit of 34479?
3
What is the tens digit of 1349?
4
What is the units digit of 494?
4
What is the units digit of 2832?
2
What is the tens digit of 24166?
6
What is the thousands digit of 7747?
7
What is the thousands digit of 9415?
9
What is the thousands digit of 5496?
5
What is the units digit of 45731?
1
What is the hundreds digit of 24775?
7
What is the hundred thousands digit of 106643?
1
What is the thousands digit of 1129?
1
What is the tens digit of 76044?
4
What is the units digit of 20172?
2
What is the tens digit of 4746?
4
What is the units digit of 1377?
7
What is the hundreds digit of 8412?
4
What is the ten thousands digit of 70523?
7
What is the hundreds digit of 251?
2
What is the tens digit of 274?
7
What is the thousands digit of 5339?
5
What is the units digit of 10992?
2
What is the tens digit of 3727?
2
What is the units digit of 5272?
2
What is the units digit of 3572?
2
What is the thousands digit of 4732?
4
What is the units digit of 1?
1
What is the tens digit of 6742?
4
What is the units digit of 678?
8
What is the thousands digit of 1364?
1
What is the tens digit of 2403?
0
What is the ten thousands digit of 81903?
8
What is the ten thousands digit of 28708?
2
What is the units digit of 213?
3
What is the hundreds digit of 3303?
3
What is the hundreds digit of 1161?
1
What is the tens digit of 24870?
7
What is the units digit of 6?
6
What is the ten thousands digit of 11952?
1
What is the units digit of 137423?
3
What is the units digit of 5560?
0
What is the thousands digit of 17137?
7
What is the tens digit of 700?
0
What is the tens digit of 66846?
4
What is the tens digit of 8457?
5
What is the thousands digit of 1025?
1
What is the units digit of 79104?
4
What is the thousands digit of 1200?
1
What is the thousands digit of 2507?
2
What is the thousands digit of 6064?
6
What is the units digit of 5009?
9
What is the tens digit of 3482?
8
What is the units digit of 682?
2
What is the units digit of 592?
2
What is the hundreds digit of 36588?
5
What is the hundreds digit of 4876?
8
What is the tens digit of 2019?
1
What is the units digit of 49008?
8
What is the thousands digit of 2514?
2
What is the units digit of 37363?
3
What is the hundreds digit of 2123?
1
What is the hundreds digit of 5444?
4
What is the hundreds digit of 2246?
2
What is the thousands digit of 5416?
5
What is the thousands digit of 6144?
6
What is the units digit of 48308?
8
What is the hundreds digit of 4288?
2
What is the thousands digit of 2571?
2
What is the thousands digit of 32109?
2
What is the units digit of 620?
0
What is the thousands digit of 9168?
9
What is the units digit of 4232?
2
What is the units digit of 207?
7
What is the hundreds digit of 1688?
6
What is the hundreds digit of 49990?
9
What is the units digit of 752?
2
What is the tens digit of 1040?
4
What is the tens digit of 80398?
9
What is the units digit of 2502?
2
What is the thousands digit of 1334?
1
What is the tens digit of 176?
7
What is the tens digit of 5702?
0
What is the units digit of 2562?
2
What is the hundreds digit of 767?
7
What is the thousands digit of 1247?
1
What is the units digit of 28308?
8
What is the thousands digit of 66612?
6
What is the thousands digit of 2949?
2
What is the thousands digit of 18651?
8
What is the ten thousands digit of 87342?
8
What is the units digit of 10067?
7
What is the hundreds digit of 4189?
1
What is the thousands digit of 12362?
2
What is the units digit of 2977?
7
What is the tens digit of 3671?
7
What is the hundreds digit of 634?
6
What is the hundreds digit of 3378?
3
What is the hundreds digit of 1133?
1
What is the thousands digit of 21427?
1
What is the units digit of 2775?
5
What is the ten thousands digit of 11331?
1
What is the tens digit of 4270?
7
What is the hundreds digit of 422?
4
What is the units digit of 932?
2
What is the ten thousands digit of 73023?
7
What is the ten thousands digit of 11880?
1
What is the hundreds digit of 1689?
6
What is the thousands digit of 22491?
2
What is the units digit of 15902?
2
What is the thousands digit of 85808?
5
What is the units digit of 2962?
2
What is the ten thousands digit of 42876?
4
What is the units digit of 2226?
6
What is the thousands digit of 1817?
1
What is the units digit of 3140?
0
What is the thousands digit of 24214?
4
What is the hundreds digit of 1285?
2
What is the tens digit of 3342?
4
What is the units digit of 6637?
7
What is the units digit of 48227?
7
What is the thousands digit of 90198?
0
What is the ten thousands digit of 15735?
1
What is the tens digit of 867?
6
What is the units digit of 20936?
6
What is the hundreds digit of 15013?
0
What is the thousands digit of 25016?
5
What is the hundreds digit of 1137?
1
What is the hundreds digit of 1274?
2
What is the hundreds digit of 256?
2
What is the hundreds digit of 34717?
7
What is the units digit of 1519?
9
What is the hundreds digit of 60059?
0
What is the units digit of 61936?
6
What is the hundreds digit of 1664?
6
What is the units digit of 260?
0
What is the tens digit of 401?
0
What is the units digit of 1917?
7
What is the hundreds digit of 11628?
6
What is the tens digit of 118?
1
What is the hundreds digit of 4509?
5
What is the units digit of 236?
6
What is the tens digit of 5613?
1
What is the tens digit of 554?
5
What is the tens digit of 794?
9
What is the units digit of 4626?
6
What is the tens digit of 10520?
2
What is the hundreds digit of 791?
7
What is the hundreds digit of 33886?
8
What is the hundreds digit of 703?
7
What is the thousands digit of 10493?
0
What is the thousands digit of 40074?
0
What is the units digit of 1?
1
What is the units digit of 50318?
8
What is the thousands digit of 16668?
6
What is the tens digit of 5855?
5
What is the hundreds digit of 2741?
7
What is the tens digit of 20027?
2
What is the tens digit of 273?
7
What is the tens digit of 1233?
3
What is the ten thousands digit of 61218?
6
What is the hundreds digit of 101590?
5
What is the hundreds digit of 43315?
3
What is the thousands digit of 10431?
0
What is the thousands digit of 4352?
4
What is the units digit of 869?
9
What is the units digit of 5641?
1
What is the tens digit of 15026?
2
What is the hundreds digit of 15271?
2
What is the tens digit of 16794?
9
What is the ten thousands digit of 73919?
7
What is the units digit of 46652?
2
What is the tens digit of 608?
0
What is the tens digit of 1213?
1
What is the thousands digit of 69707?
9
What is the units digit of 20926?
6
What is the hundreds digit of 1919?
9
What is the thousands digit of 90552?
0
What is the tens digit of 2167?
6
What is the hundreds digit of 1251?
2
What is the hundreds digit of 2287?
2
What is the units digit of 819?
9
What is the units digit of 57359?
9
What is the tens digit of 16654?
5
What is the ten thousands digit of 17550?
1
What is the hundreds digit of 2347?
3
What is the hundreds digit of 1069?
0
What is the ten thousands digit of 116588?
1
What is the units digit of 7907?
7
What is the thousands digit of 33449?
3
What is the units digit of 1736?
6
What is the units digit of 76485?
5
What is the units digit of 69311?
1
What is the units digit of 380?
0
What is the thousands digit of 1374?
1
What is the hundreds digit of 23069?
0
What is the thousands digit of 1098?
1
What is the hundreds digit of 9875?
8
What is the units digit of 1195?
5
What is the hundreds digit of 15424?
4
What is the units digit of 74259?
9
What is the hundred thousands digit of 109945?
1
What is the tens digit of 5324?
2
What is the hundreds digit of 197?
1
What is the thousands digit of 1236?
1
What is the units digit of 72521?
1
What is the units digit of 380?
0
What is the tens digit of 9067?
6
What is the units digit